%PDF- %PDF-
Mini Shell

Mini Shell

Direktori : /home/lightco1/access-logs/
Upload File :
Create Path :
Current File : /home/lightco1/access-logs/luxurylighting.lightco.com.au

216.244.66.250 - - [17/Jul/2025:22:14:48 +1000] "GET /administrator/components/com_modules/views/modules/ HTTP/1.1" 403 318 "-" "Mozilla/5.0 (compatible; DotBot/1.2; +https://opensiteexplorer.org/dotbot; help@moz.com)"
66.249.73.99 - - [17/Jul/2025:22:17:21 +1000] "GET /administrator/templates/hathor/images/menu/icon-16-help-community.png HTTP/1.1" 200 684 "-" "Googlebot-Image/1.0"
203.143.88.233 - - [17/Jul/2025:22:22:23 +1000] "GET /.well-known/acme-challenge/_-0Q3KNMZX98VVKVF-1QRJJ05-5Z3FVU HTTP/1.1" 200 64 "-" "Cpanel-HTTP-Client/1.0"
203.143.88.233 - - [17/Jul/2025:22:22:24 +1000] "GET /.well-known/acme-challenge/R-0FM2C3-LW8R0-6MH7LIKZX0PTMHX2G HTTP/1.1" 200 64 "-" "Cpanel-HTTP-Client/1.0"
216.244.66.250 - - [17/Jul/2025:22:23:23 +1000] "GET /administrator/components/com_redirect/models/forms/link.xml HTTP/1.1" 200 2074 "-" "Mozilla/5.0 (compatible; DotBot/1.2; +https://opensiteexplorer.org/dotbot; help@moz.com)"
216.244.66.250 - - [17/Jul/2025:22:26:15 +1000] "GET /administrator/components/com_contact/controllers/?C=D;O=A HTTP/1.1" 403 318 "-" "Mozilla/5.0 (compatible; DotBot/1.2; +https://opensiteexplorer.org/dotbot; help@moz.com)"
216.244.66.250 - - [17/Jul/2025:22:28:34 +1000] "GET /administrator/components/com_content/tables/?C=S;O=A HTTP/1.1" 403 318 "-" "Mozilla/5.0 (compatible; DotBot/1.2; +https://opensiteexplorer.org/dotbot; help@moz.com)"
216.244.66.250 - - [17/Jul/2025:22:28:53 +1000] "GET /administrator/components/com_categories/models/forms/?C=M;O=A HTTP/1.1" 403 318 "-" "Mozilla/5.0 (compatible; DotBot/1.2; +https://opensiteexplorer.org/dotbot; help@moz.com)"
207.46.13.230 - - [17/Jul/2025:22:29:07 +1000] "GET /robots.txt HTTP/1.1" 404 201 "-" "Mozilla/5.0 AppleWebKit/537.36 (KHTML, like Gecko; compatible; bingbot/2.0; +http://www.bing.com/bingbot.htm) Chrome/116.0.1938.76 Safari/537.36"
52.167.144.159 - - [17/Jul/2025:22:29:16 +1000] "GET /administrator/language/en-GB/en-GB.plg_system_debug.ini HTTP/1.1" 200 7110 "-" "Mozilla/5.0 AppleWebKit/537.36 (KHTML, like Gecko; compatible; bingbot/2.0; +http://www.bing.com/bingbot.htm) Chrome/116.0.1938.76 Safari/537.36"
216.244.66.250 - - [17/Jul/2025:22:29:23 +1000] "GET /administrator/components/com_users/views/groups/?C=N;O=D HTTP/1.1" 403 318 "-" "Mozilla/5.0 (compatible; DotBot/1.2; +https://opensiteexplorer.org/dotbot; help@moz.com)"
216.244.66.250 - - [17/Jul/2025:22:29:54 +1000] "GET /administrator/templates/hathor/html/com_languages/?C=S;O=D HTTP/1.1" 403 318 "-" "Mozilla/5.0 (compatible; DotBot/1.2; +https://opensiteexplorer.org/dotbot; help@moz.com)"
66.249.73.100 - - [17/Jul/2025:22:37:21 +1000] "GET /administrator/templates/hathor/images/menu/icon-16-checkin.png HTTP/1.1" 200 460 "-" "Googlebot-Image/1.0"
216.244.66.250 - - [17/Jul/2025:22:45:31 +1000] "GET /robots.txt HTTP/1.1" 404 315 "-" "Mozilla/5.0 (compatible; DotBot/1.2; +https://opensiteexplorer.org/dotbot; help@moz.com)"
216.244.66.250 - - [17/Jul/2025:22:45:31 +1000] "GET /robots.txt HTTP/1.1" 404 315 "-" "Mozilla/5.0 (compatible; DotBot/1.2; +https://opensiteexplorer.org/dotbot; help@moz.com)"
66.249.73.100 - - [17/Jul/2025:22:59:22 +1000] "GET /administrator/templates/hathor/images/header/icon-48-tags.png HTTP/1.1" 200 1622 "-" "Googlebot-Image/1.0"
216.244.66.250 - - [17/Jul/2025:23:22:55 +1000] "GET /administrator/?C=N;O=D HTTP/1.1" 403 318 "-" "Mozilla/5.0 (compatible; DotBot/1.2; +https://opensiteexplorer.org/dotbot; help@moz.com)"
216.244.66.250 - - [17/Jul/2025:23:23:28 +1000] "GET /administrator/components/com_installer/controllers/?C=N;O=D HTTP/1.1" 403 318 "-" "Mozilla/5.0 (compatible; DotBot/1.2; +https://opensiteexplorer.org/dotbot; help@moz.com)"
216.244.66.250 - - [17/Jul/2025:23:23:48 +1000] "GET /administrator/components/com_redirect/layouts/?C=M;O=A HTTP/1.1" 403 318 "-" "Mozilla/5.0 (compatible; DotBot/1.2; +https://opensiteexplorer.org/dotbot; help@moz.com)"
216.244.66.250 - - [17/Jul/2025:23:27:23 +1000] "GET /administrator/components/com_modules/models/?C=M;O=A HTTP/1.1" 403 318 "-" "Mozilla/5.0 (compatible; DotBot/1.2; +https://opensiteexplorer.org/dotbot; help@moz.com)"
216.244.66.250 - - [17/Jul/2025:23:27:53 +1000] "GET /administrator/components/com_redirect/layouts/?C=D;O=A HTTP/1.1" 403 318 "-" "Mozilla/5.0 (compatible; DotBot/1.2; +https://opensiteexplorer.org/dotbot; help@moz.com)"
216.244.66.250 - - [17/Jul/2025:23:28:24 +1000] "GET /administrator/components/com_categories/models/fields/?C=S;O=A HTTP/1.1" 403 318 "-" "Mozilla/5.0 (compatible; DotBot/1.2; +https://opensiteexplorer.org/dotbot; help@moz.com)"
66.249.73.99 - - [17/Jul/2025:23:40:42 +1000] "GET /administrator/templates/hathor/images/menu/icon-16-logout.png HTTP/1.1" 200 480 "-" "Googlebot-Image/1.0"
216.244.66.250 - - [17/Jul/2025:23:46:59 +1000] "GET /robots.txt HTTP/1.1" 404 315 "-" "Mozilla/5.0 (compatible; DotBot/1.2; +https://opensiteexplorer.org/dotbot; help@moz.com)"
216.244.66.250 - - [17/Jul/2025:23:46:59 +1000] "GET /robots.txt HTTP/1.1" 404 315 "-" "Mozilla/5.0 (compatible; DotBot/1.2; +https://opensiteexplorer.org/dotbot; help@moz.com)"
66.249.73.99 - - [17/Jul/2025:23:54:15 +1000] "GET /administrator/templates/hathor/images/toolbar/icon-32-error.png HTTP/1.1" 200 1285 "-" "Googlebot-Image/1.0"
66.249.73.101 - - [18/Jul/2025:00:01:53 +1000] "GET /administrator/templates/hathor/images/menu/icon-16-redirect.png HTTP/1.1" 200 390 "-" "Googlebot-Image/1.0"
66.249.73.101 - - [18/Jul/2025:00:01:53 +1000] "GET /robots.txt HTTP/1.1" 404 201 "-" "Mozilla/5.0 (compatible; Googlebot/2.1; +http://www.google.com/bot.html)"
216.244.66.250 - - [18/Jul/2025:00:20:26 +1000] "GET /administrator/components/com_cache/helpers/ HTTP/1.1" 403 318 "-" "Mozilla/5.0 (compatible; DotBot/1.2; +https://opensiteexplorer.org/dotbot; help@moz.com)"
216.244.66.250 - - [18/Jul/2025:00:21:13 +1000] "GET /administrator/components/com_admin/models/?C=D;O=A HTTP/1.1" 403 318 "-" "Mozilla/5.0 (compatible; DotBot/1.2; +https://opensiteexplorer.org/dotbot; help@moz.com)"
216.244.66.250 - - [18/Jul/2025:00:22:47 +1000] "GET /administrator/components/com_config/controllers/?C=N;O=D HTTP/1.1" 403 318 "-" "Mozilla/5.0 (compatible; DotBot/1.2; +https://opensiteexplorer.org/dotbot; help@moz.com)"
216.244.66.250 - - [18/Jul/2025:00:32:47 +1000] "GET /robots.txt HTTP/1.1" 404 315 "-" "Mozilla/5.0 (compatible; DotBot/1.2; +https://opensiteexplorer.org/dotbot; help@moz.com)"
216.244.66.250 - - [18/Jul/2025:00:32:47 +1000] "GET /robots.txt HTTP/1.1" 404 315 "-" "Mozilla/5.0 (compatible; DotBot/1.2; +https://opensiteexplorer.org/dotbot; help@moz.com)"
207.46.13.141 - - [18/Jul/2025:00:37:11 +1000] "GET /administrator/templates/hathor/html/com_content/ HTTP/1.1" 403 207 "-" "Mozilla/5.0 AppleWebKit/537.36 (KHTML, like Gecko; compatible; bingbot/2.0; +http://www.bing.com/bingbot.htm) Chrome/116.0.1938.76 Safari/537.36"
66.249.73.100 - - [18/Jul/2025:00:41:09 +1000] "GET /administrator/templates/hathor/images/header/icon-48-archive.png HTTP/1.1" 200 1772 "-" "Googlebot-Image/1.0"
216.244.66.250 - - [18/Jul/2025:00:50:32 +1000] "GET /administrator/components/com_users/views/levels/tmpl/ HTTP/1.1" 403 318 "-" "Mozilla/5.0 (compatible; DotBot/1.2; +https://opensiteexplorer.org/dotbot; help@moz.com)"
216.244.66.250 - - [18/Jul/2025:00:51:26 +1000] "GET /administrator/components/com_redirect/helpers/html/ HTTP/1.1" 403 318 "-" "Mozilla/5.0 (compatible; DotBot/1.2; +https://opensiteexplorer.org/dotbot; help@moz.com)"
216.244.66.250 - - [18/Jul/2025:01:06:49 +1000] "GET /administrator/components/com_plugins/views/?C=D;O=A HTTP/1.1" 403 318 "-" "Mozilla/5.0 (compatible; DotBot/1.2; +https://opensiteexplorer.org/dotbot; help@moz.com)"
216.244.66.250 - - [18/Jul/2025:01:18:59 +1000] "GET /robots.txt HTTP/1.1" 404 315 "-" "Mozilla/5.0 (compatible; DotBot/1.2; +https://opensiteexplorer.org/dotbot; help@moz.com)"
216.244.66.250 - - [18/Jul/2025:01:18:59 +1000] "GET /robots.txt HTTP/1.1" 404 315 "-" "Mozilla/5.0 (compatible; DotBot/1.2; +https://opensiteexplorer.org/dotbot; help@moz.com)"
66.249.73.100 - - [18/Jul/2025:01:21:42 +1000] "GET /administrator/templates/hathor/images/menu/icon-16-help-docs.png HTTP/1.1" 200 486 "-" "Googlebot-Image/1.0"
203.143.88.233 - - [18/Jul/2025:01:22:17 +1000] "GET /.well-known/acme-challenge/EO_IT8FKTHQ-LPYMVMDZ-M-BEXE7SCWE HTTP/1.1" 200 64 "-" "Cpanel-HTTP-Client/1.0"
203.143.88.233 - - [18/Jul/2025:01:22:17 +1000] "GET /.well-known/acme-challenge/JIF_C4NX_3QL6_P09TTSD2CHP-7__DO3 HTTP/1.1" 200 64 "-" "Cpanel-HTTP-Client/1.0"
66.249.73.101 - - [18/Jul/2025:01:27:10 +1000] "GET /administrator/components/com_languages/views/multilangstatus/ HTTP/1.1" 403 207 "-" "Mozilla/5.0 (Linux; Android 6.0.1; Nexus 5X Build/MMB29P) AppleWebKit/537.36 (KHTML, like Gecko) Chrome/137.0.7151.103 Mobile Safari/537.36 (compatible; Googlebot/2.1; +http://www.google.com/bot.html)"
66.249.73.99 - - [18/Jul/2025:01:35:32 +1000] "GET /administrator/templates/hathor/images/j_arrow_left.png HTTP/1.1" 200 197 "-" "Googlebot-Image/1.0"
216.244.66.250 - - [18/Jul/2025:01:37:11 +1000] "GET /administrator/components/com_users/views/debuguser/tmpl/ HTTP/1.1" 403 318 "-" "Mozilla/5.0 (compatible; DotBot/1.2; +https://opensiteexplorer.org/dotbot; help@moz.com)"
216.244.66.250 - - [18/Jul/2025:01:37:31 +1000] "GET /administrator/components/com_content/helpers/html/ HTTP/1.1" 403 318 "-" "Mozilla/5.0 (compatible; DotBot/1.2; +https://opensiteexplorer.org/dotbot; help@moz.com)"
216.244.66.250 - - [18/Jul/2025:01:49:02 +1000] "GET /administrator/components/com_newsfeeds/models/?C=N;O=D HTTP/1.1" 403 318 "-" "Mozilla/5.0 (compatible; DotBot/1.2; +https://opensiteexplorer.org/dotbot; help@moz.com)"
216.244.66.250 - - [18/Jul/2025:01:51:32 +1000] "GET /administrator/components/com_admin/postinstall/?C=D;O=A HTTP/1.1" 403 318 "-" "Mozilla/5.0 (compatible; DotBot/1.2; +https://opensiteexplorer.org/dotbot; help@moz.com)"
216.244.66.250 - - [18/Jul/2025:01:52:02 +1000] "GET /administrator/components/com_finder/tables/?C=S;O=A HTTP/1.1" 403 318 "-" "Mozilla/5.0 (compatible; DotBot/1.2; +https://opensiteexplorer.org/dotbot; help@moz.com)"
216.244.66.250 - - [18/Jul/2025:01:52:33 +1000] "GET /administrator/components/com_languages/helpers/html/?C=N;O=D HTTP/1.1" 403 318 "-" "Mozilla/5.0 (compatible; DotBot/1.2; +https://opensiteexplorer.org/dotbot; help@moz.com)"
216.244.66.250 - - [18/Jul/2025:01:53:06 +1000] "GET /administrator/components/com_templates/views/styles/?C=M;O=A HTTP/1.1" 403 318 "-" "Mozilla/5.0 (compatible; DotBot/1.2; +https://opensiteexplorer.org/dotbot; help@moz.com)"
216.244.66.250 - - [18/Jul/2025:01:53:36 +1000] "GET /administrator/components/com_users/views/note/?C=D;O=A HTTP/1.1" 403 318 "-" "Mozilla/5.0 (compatible; DotBot/1.2; +https://opensiteexplorer.org/dotbot; help@moz.com)"
66.249.73.100 - - [18/Jul/2025:02:03:14 +1000] "GET /administrator/templates/hathor/images/toolbar/icon-32-extension.png HTTP/1.1" 200 2126 "-" "Googlebot-Image/1.0"
216.244.66.250 - - [18/Jul/2025:02:04:52 +1000] "GET /robots.txt HTTP/1.1" 404 315 "-" "Mozilla/5.0 (compatible; DotBot/1.2; +https://opensiteexplorer.org/dotbot; help@moz.com)"
216.244.66.250 - - [18/Jul/2025:02:22:53 +1000] "GET /administrator/components/com_users/views/mail/ HTTP/1.1" 403 318 "-" "Mozilla/5.0 (compatible; DotBot/1.2; +https://opensiteexplorer.org/dotbot; help@moz.com)"
216.244.66.250 - - [18/Jul/2025:02:35:59 +1000] "GET /administrator/components/com_config/models/?C=M;O=A HTTP/1.1" 403 318 "-" "Mozilla/5.0 (compatible; DotBot/1.2; +https://opensiteexplorer.org/dotbot; help@moz.com)"
216.244.66.250 - - [18/Jul/2025:02:36:19 +1000] "GET /administrator/components/com_menus/controllers/?C=D;O=A HTTP/1.1" 403 318 "-" "Mozilla/5.0 (compatible; DotBot/1.2; +https://opensiteexplorer.org/dotbot; help@moz.com)"
216.244.66.250 - - [18/Jul/2025:02:36:50 +1000] "GET /administrator/components/com_plugins/controllers/?C=M;O=A HTTP/1.1" 403 318 "-" "Mozilla/5.0 (compatible; DotBot/1.2; +https://opensiteexplorer.org/dotbot; help@moz.com)"
216.244.66.250 - - [18/Jul/2025:02:37:20 +1000] "GET /administrator/components/com_redirect/helpers/?C=N;O=D HTTP/1.1" 403 318 "-" "Mozilla/5.0 (compatible; DotBot/1.2; +https://opensiteexplorer.org/dotbot; help@moz.com)"
216.244.66.250 - - [18/Jul/2025:02:50:40 +1000] "GET /robots.txt HTTP/1.1" 404 315 "-" "Mozilla/5.0 (compatible; DotBot/1.2; +https://opensiteexplorer.org/dotbot; help@moz.com)"
216.244.66.250 - - [18/Jul/2025:02:50:40 +1000] "GET /robots.txt HTTP/1.1" 404 315 "-" "Mozilla/5.0 (compatible; DotBot/1.2; +https://opensiteexplorer.org/dotbot; help@moz.com)"
216.244.66.250 - - [18/Jul/2025:03:03:34 +1000] "GET /administrator/components/com_admin/sql/updates/ HTTP/1.1" 403 318 "-" "Mozilla/5.0 (compatible; DotBot/1.2; +https://opensiteexplorer.org/dotbot; help@moz.com)"
216.244.66.250 - - [18/Jul/2025:03:11:29 +1000] "GET /administrator/components/com_redirect/tables/?C=M;O=A HTTP/1.1" 403 318 "-" "Mozilla/5.0 (compatible; DotBot/1.2; +https://opensiteexplorer.org/dotbot; help@moz.com)"
66.249.73.100 - - [18/Jul/2025:03:11:37 +1000] "GET /administrator/templates/hathor/images/menu/icon-16-newsfeeds.png HTTP/1.1" 200 386 "-" "Googlebot-Image/1.0"
216.244.66.250 - - [18/Jul/2025:03:16:22 +1000] "GET /administrator/components/com_banners/views/?C=S;O=A HTTP/1.1" 403 318 "-" "Mozilla/5.0 (compatible; DotBot/1.2; +https://opensiteexplorer.org/dotbot; help@moz.com)"
216.244.66.250 - - [18/Jul/2025:03:16:52 +1000] "GET /administrator/components/com_templates/layouts/?C=M;O=A HTTP/1.1" 403 318 "-" "Mozilla/5.0 (compatible; DotBot/1.2; +https://opensiteexplorer.org/dotbot; help@moz.com)"
216.244.66.250 - - [18/Jul/2025:03:35:54 +1000] "GET /robots.txt HTTP/1.1" 404 315 "-" "Mozilla/5.0 (compatible; DotBot/1.2; +https://opensiteexplorer.org/dotbot; help@moz.com)"
216.244.66.250 - - [18/Jul/2025:03:35:54 +1000] "GET /robots.txt HTTP/1.1" 404 315 "-" "Mozilla/5.0 (compatible; DotBot/1.2; +https://opensiteexplorer.org/dotbot; help@moz.com)"

Zerion Mini Shell 1.0