216.244.66.250 - - [16/Mar/2025:15:51:17 +1100] "GET /administrator/templates/hathor/images/header/icon-48-install.png HTTP/1.1" 200 1470 "-" "Mozilla/5.0 (compatible; DotBot/1.2; +https://opensiteexplorer.org/dotbot; help@moz.com)"
216.244.66.250 - - [16/Mar/2025:15:51:21 +1100] "GET /administrator/templates/hathor/images/menu/icon-16-themes.png HTTP/1.1" 200 348 "-" "Mozilla/5.0 (compatible; DotBot/1.2; +https://opensiteexplorer.org/dotbot; help@moz.com)"
216.244.66.250 - - [16/Mar/2025:15:51:23 +1100] "GET /administrator/templates/hathor/images/toolbar/icon-32-back.png HTTP/1.1" 200 1281 "-" "Mozilla/5.0 (compatible; DotBot/1.2; +https://opensiteexplorer.org/dotbot; help@moz.com)"
216.244.66.250 - - [16/Mar/2025:15:51:25 +1100] "GET /administrator/templates/hathor/images/toolbar/icon-32-move.png HTTP/1.1" 200 917 "-" "Mozilla/5.0 (compatible; DotBot/1.2; +https://opensiteexplorer.org/dotbot; help@moz.com)"
66.249.66.41 - - [16/Mar/2025:15:51:57 +1100] "GET /administrator/templates/hathor/images/admin/checked_out.png HTTP/1.1" 200 390 "-" "Googlebot-Image/1.0"
216.244.66.250 - - [16/Mar/2025:15:53:43 +1100] "GET /administrator/components/com_content/views/article/tmpl/ HTTP/1.1" 200 751 "-" "Mozilla/5.0 (compatible; DotBot/1.2; +https://opensiteexplorer.org/dotbot; help@moz.com)"
66.249.66.42 - - [16/Mar/2025:15:56:00 +1100] "GET /administrator/templates/hathor/images/header/icon-48-levels.png HTTP/1.1" 200 508 "-" "Googlebot-Image/1.0"
66.249.66.41 - - [16/Mar/2025:15:58:43 +1100] "GET /administrator/templates/hathor/images/menu/icon-16-help-shop.png HTTP/1.1" 200 506 "-" "Googlebot-Image/1.0"
66.249.66.41 - - [16/Mar/2025:16:00:04 +1100] "GET /administrator/templates/hathor/images/toolbar/icon-32-messaging.png HTTP/1.1" 200 2175 "-" "Googlebot-Image/1.0"
66.249.66.43 - - [16/Mar/2025:16:01:25 +1100] "GET /administrator/templates/hathor/images/j_arrow.png HTTP/1.1" 200 179 "-" "Googlebot-Image/1.0"
66.249.66.41 - - [16/Mar/2025:16:02:46 +1100] "GET /administrator/templates/hathor/images/menu/icon-16-viewsite.png HTTP/1.1" 200 288 "-" "Googlebot-Image/1.0"
66.249.66.42 - - [16/Mar/2025:16:04:07 +1100] "GET /administrator/templates/hathor/images/header/icon-48-new-privatemessage.png HTTP/1.1" 200 2898 "-" "Googlebot-Image/1.0"
66.249.66.42 - - [16/Mar/2025:16:05:29 +1100] "GET /administrator/templates/hathor/images/menu/icon-16-notdefault.png HTTP/1.1" 200 605 "-" "Googlebot-Image/1.0"
216.244.66.250 - - [16/Mar/2025:16:07:05 +1100] "GET /administrator/templates/hathor/html/layouts/joomla/quickicons/ HTTP/1.1" 200 763 "-" "Mozilla/5.0 (compatible; DotBot/1.2; +https://opensiteexplorer.org/dotbot; help@moz.com)"
66.249.66.41 - - [16/Mar/2025:16:09:32 +1100] "GET /administrator/templates/isis/img/glyphicons-halflings.png HTTP/1.1" 200 12600 "-" "Googlebot-Image/1.0"
66.249.66.43 - - [16/Mar/2025:16:10:53 +1100] "GET /administrator/templates/hathor/images/menu/icon-16-revert.png HTTP/1.1" 200 368 "-" "Googlebot-Image/1.0"
66.249.66.41 - - [16/Mar/2025:16:12:15 +1100] "GET /administrator/templates/isis/images/admin/blank.png HTTP/1.1" 200 81 "-" "Googlebot-Image/1.0"
66.249.66.42 - - [16/Mar/2025:16:17:39 +1100] "GET /administrator/templates/hathor/images/toolbar/icon-32-cancel.png HTTP/1.1" 200 2228 "-" "Googlebot-Image/1.0"
66.249.66.42 - - [16/Mar/2025:16:19:01 +1100] "GET /administrator/templates/hathor/images/notice-note.png HTTP/1.1" 200 771 "-" "Googlebot-Image/1.0"
66.249.66.42 - - [16/Mar/2025:16:20:22 +1100] "GET /administrator/templates/hathor/images/header/icon-48-download.png HTTP/1.1" 200 2009 "-" "Googlebot-Image/1.0"
66.249.66.42 - - [16/Mar/2025:16:21:43 +1100] "GET /administrator/templates/hathor/images/toolbar/icon-32-module.png HTTP/1.1" 200 2853 "-" "Googlebot-Image/1.0"
216.244.66.250 - - [16/Mar/2025:16:21:59 +1100] "GET /robots.txt HTTP/1.1" 404 315 "-" "Mozilla/5.0 (compatible; DotBot/1.2; +https://opensiteexplorer.org/dotbot; help@moz.com)"
216.244.66.250 - - [16/Mar/2025:16:22:01 +1100] "GET /robots.txt HTTP/1.1" 404 315 "-" "Mozilla/5.0 (compatible; DotBot/1.2; +https://opensiteexplorer.org/dotbot; help@moz.com)"
203.143.88.233 - - [16/Mar/2025:16:22:20 +1100] "GET /.well-known/acme-challenge/N887X9UN_YJV3THCW4SS52KKT-MUMF4I HTTP/1.1" 200 64 "-" "Cpanel-HTTP-Client/1.0"
203.143.88.233 - - [16/Mar/2025:16:22:21 +1100] "GET /.well-known/acme-challenge/C1MOPGFRF2AXSKXNQEZS99XRB45ME044 HTTP/1.1" 200 64 "-" "Cpanel-HTTP-Client/1.0"
216.244.66.250 - - [16/Mar/2025:16:34:58 +1100] "GET /administrator/components/com_config/model/ HTTP/1.1" 200 1055 "-" "Mozilla/5.0 (compatible; DotBot/1.2; +https://opensiteexplorer.org/dotbot; help@moz.com)"
216.244.66.250 - - [16/Mar/2025:16:36:00 +1100] "GET /administrator/templates/isis/?C=M;O=D HTTP/1.1" 200 2627 "-" "Mozilla/5.0 (compatible; DotBot/1.2; +https://opensiteexplorer.org/dotbot; help@moz.com)"
216.244.66.250 - - [16/Mar/2025:16:36:41 +1100] "GET /administrator/components/com_categories/views/ HTTP/1.1" 200 1076 "-" "Mozilla/5.0 (compatible; DotBot/1.2; +https://opensiteexplorer.org/dotbot; help@moz.com)"
216.244.66.250 - - [16/Mar/2025:16:37:31 +1100] "GET /administrator/modules/mod_multilangstatus/ HTTP/1.1" 200 1235 "-" "Mozilla/5.0 (compatible; DotBot/1.2; +https://opensiteexplorer.org/dotbot; help@moz.com)"
66.249.66.43 - - [16/Mar/2025:16:47:26 +1100] "GET /administrator/templates/hathor/images/toolbar/icon-32-forward.png HTTP/1.1" 200 1277 "-" "Googlebot-Image/1.0"
66.249.66.42 - - [16/Mar/2025:16:48:47 +1100] "GET /administrator/templates/hathor/images/header/icon-48-plugin.png HTTP/1.1" 200 2212 "-" "Googlebot-Image/1.0"
66.249.66.43 - - [16/Mar/2025:16:51:29 +1100] "GET /administrator/templates/hathor/images/menu/icon-16-tags.png HTTP/1.1" 200 509 "-" "Googlebot-Image/1.0"
216.244.66.250 - - [16/Mar/2025:17:08:34 +1100] "GET /robots.txt HTTP/1.1" 404 315 "-" "Mozilla/5.0 (compatible; DotBot/1.2; +https://opensiteexplorer.org/dotbot; help@moz.com)"
66.249.66.42 - - [16/Mar/2025:17:17:10 +1100] "GET /administrator/templates/hathor/images/toolbar/icon-32-new-privatemessage.png HTTP/1.1" 200 2350 "-" "Googlebot-Image/1.0"
216.244.66.250 - - [16/Mar/2025:17:19:55 +1100] "GET /administrator/templates/hathor/html/com_joomlaupdate/?C=N;O=D HTTP/1.1" 200 906 "-" "Mozilla/5.0 (compatible; DotBot/1.2; +https://opensiteexplorer.org/dotbot; help@moz.com)"
216.244.66.250 - - [16/Mar/2025:17:22:04 +1100] "GET /administrator/components/com_finder/sql/uninstall.postgresql.sql HTTP/1.1" 200 1143 "-" "Mozilla/5.0 (compatible; DotBot/1.2; +https://opensiteexplorer.org/dotbot; help@moz.com)"
167.86.68.85 - - [16/Mar/2025:17:23:05 +1100] "GET /adminfuns.php HTTP/1.1" 403 258 "www.google.com" "Mozlila/5.0 (Linux; Android 7.0; SM-G892A Bulid/NRD90M; wv) AppleWebKit/537.36 (KHTML, like Gecko) Version/4.0 Chrome/60.0.3112.107 Moblie Safari/537.36"
167.86.68.85 - - [16/Mar/2025:17:23:19 +1100] "GET /thoms.php HTTP/1.1" 403 258 "www.google.com" "Mozlila/5.0 (Linux; Android 7.0; SM-G892A Bulid/NRD90M; wv) AppleWebKit/537.36 (KHTML, like Gecko) Version/4.0 Chrome/60.0.3112.107 Moblie Safari/537.36"
66.249.66.42 - - [16/Mar/2025:17:23:31 +1100] "GET /administrator/templates/hathor/images/admin/trash.png HTTP/1.1" 200 386 "-" "Googlebot-Image/1.0"
167.86.68.85 - - [16/Mar/2025:17:23:33 +1100] "GET /termps.php HTTP/1.1" 403 258 "www.google.com" "Mozlila/5.0 (Linux; Android 7.0; SM-G892A Bulid/NRD90M; wv) AppleWebKit/537.36 (KHTML, like Gecko) Version/4.0 Chrome/60.0.3112.107 Moblie Safari/537.36"
216.244.66.250 - - [16/Mar/2025:17:25:46 +1100] "GET /administrator/templates/hathor/images/admin/uparrow0.png HTTP/1.1" 200 150 "-" "Mozilla/5.0 (compatible; DotBot/1.2; +https://opensiteexplorer.org/dotbot; help@moz.com)"
216.244.66.250 - - [16/Mar/2025:17:25:50 +1100] "GET /administrator/templates/hathor/images/header/icon-48-jupdate-uptodate.png HTTP/1.1" 200 1648 "-" "Mozilla/5.0 (compatible; DotBot/1.2; +https://opensiteexplorer.org/dotbot; help@moz.com)"
66.249.66.42 - - [16/Mar/2025:17:32:06 +1100] "GET /administrator/templates/hathor/images/toolbar/icon-32-preview.png HTTP/1.1" 200 1080 "-" "Googlebot-Image/1.0"
66.249.66.42 - - [16/Mar/2025:17:40:40 +1100] "GET /administrator/templates/hathor/images/header/icon-48-checkin.png HTTP/1.1" 200 1491 "-" "Googlebot-Image/1.0"
216.244.66.250 - - [16/Mar/2025:17:53:45 +1100] "GET /robots.txt HTTP/1.1" 404 315 "-" "Mozilla/5.0 (compatible; DotBot/1.2; +https://opensiteexplorer.org/dotbot; help@moz.com)"
216.244.66.250 - - [16/Mar/2025:17:53:45 +1100] "GET /robots.txt HTTP/1.1" 404 315 "-" "Mozilla/5.0 (compatible; DotBot/1.2; +https://opensiteexplorer.org/dotbot; help@moz.com)"
66.249.66.43 - - [16/Mar/2025:17:57:49 +1100] "GET /administrator/templates/hathor/images/toolbar/icon-32-apply.png HTTP/1.1" 200 1278 "-" "Googlebot-Image/1.0"
66.249.66.42 - - [16/Mar/2025:18:06:23 +1100] "GET /administrator/templates/hathor/images/header/icon-48-tags.png HTTP/1.1" 200 1622 "-" "Googlebot-Image/1.0"
216.244.66.250 - - [16/Mar/2025:18:06:46 +1100] "GET /administrator/components/com_ajax/ HTTP/1.1" 200 857 "-" "Mozilla/5.0 (compatible; DotBot/1.2; +https://opensiteexplorer.org/dotbot; help@moz.com)"
216.244.66.250 - - [16/Mar/2025:18:19:38 +1100] "GET /administrator/components/com_menus/layouts/joomla/ HTTP/1.1" 200 1084 "-" "Mozilla/5.0 (compatible; DotBot/1.2; +https://opensiteexplorer.org/dotbot; help@moz.com)"
216.244.66.250 - - [16/Mar/2025:18:19:42 +1100] "GET /administrator/templates/hathor/images/header/icon-48-archive.png HTTP/1.1" 200 1772 "-" "Mozilla/5.0 (compatible; DotBot/1.2; +https://opensiteexplorer.org/dotbot; help@moz.com)"
216.244.66.250 - - [16/Mar/2025:18:19:46 +1100] "GET /administrator/templates/hathor/images/toolbar/icon-32-calendar.png HTTP/1.1" 200 2051 "-" "Mozilla/5.0 (compatible; DotBot/1.2; +https://opensiteexplorer.org/dotbot; help@moz.com)"
216.244.66.250 - - [16/Mar/2025:18:19:48 +1100] "GET /administrator/templates/hathor/images/toolbar/icon-32-component.png HTTP/1.1" 200 1672 "-" "Mozilla/5.0 (compatible; DotBot/1.2; +https://opensiteexplorer.org/dotbot; help@moz.com)"
66.249.66.41 - - [16/Mar/2025:18:23:31 +1100] "GET /administrator/templates/hathor/images/admin/icon-16-protected.png HTTP/1.1" 200 397 "-" "Googlebot-Image/1.0"
66.249.66.42 - - [16/Mar/2025:18:32:06 +1100] "GET /administrator/templates/hathor/images/header/icon-48-redirect.png HTTP/1.1" 200 1158 "-" "Googlebot-Image/1.0"
216.244.66.250 - - [16/Mar/2025:18:38:34 +1100] "GET /robots.txt HTTP/1.1" 404 315 "-" "Mozilla/5.0 (compatible; DotBot/1.2; +https://opensiteexplorer.org/dotbot; help@moz.com)"
216.244.66.250 - - [16/Mar/2025:18:38:35 +1100] "GET /robots.txt HTTP/1.1" 404 315 "-" "Mozilla/5.0 (compatible; DotBot/1.2; +https://opensiteexplorer.org/dotbot; help@moz.com)"
66.249.66.43 - - [16/Mar/2025:18:40:40 +1100] "GET /administrator/templates/hathor/images/header/icon-48-category.png HTTP/1.1" 200 662 "-" "Googlebot-Image/1.0"
216.244.66.250 - - [16/Mar/2025:18:50:59 +1100] "GET /layouts/libraries/?C=S;O=A HTTP/1.1" 200 804 "-" "Mozilla/5.0 (compatible; DotBot/1.2; +https://opensiteexplorer.org/dotbot; help@moz.com)"
216.244.66.250 - - [16/Mar/2025:18:52:08 +1100] "GET /layouts/libraries/cms/html/bootstrap/ HTTP/1.1" 200 689 "-" "Mozilla/5.0 (compatible; DotBot/1.2; +https://opensiteexplorer.org/dotbot; help@moz.com)"
216.244.66.250 - - [16/Mar/2025:18:53:42 +1100] "GET /administrator/components/com_categories/helpers/ HTTP/1.1" 200 897 "-" "Mozilla/5.0 (compatible; DotBot/1.2; +https://opensiteexplorer.org/dotbot; help@moz.com)"
216.244.66.250 - - [16/Mar/2025:18:53:46 +1100] "GET /administrator/components/com_config/controller/ HTTP/1.1" 200 1076 "-" "Mozilla/5.0 (compatible; DotBot/1.2; +https://opensiteexplorer.org/dotbot; help@moz.com)"
66.249.66.41 - - [16/Mar/2025:18:57:49 +1100] "GET /administrator/templates/hathor/images/header/icon-48-help-forum.png HTTP/1.1" 200 2982 "-" "Googlebot-Image/1.0"
216.244.66.250 - - [16/Mar/2025:19:03:29 +1100] "GET /administrator/templates/hathor/images/menu/icon-16-newarticle.png HTTP/1.1" 200 563 "-" "Mozilla/5.0 (compatible; DotBot/1.2; +https://opensiteexplorer.org/dotbot; help@moz.com)"
216.244.66.250 - - [16/Mar/2025:19:03:32 +1100] "GET /administrator/templates/hathor/images/menu/icon-16-notice.png HTTP/1.1" 200 490 "-" "Mozilla/5.0 (compatible; DotBot/1.2; +https://opensiteexplorer.org/dotbot; help@moz.com)"
216.244.66.250 - - [16/Mar/2025:19:08:58 +1100] "GET /administrator/templates/hathor/html/com_plugins/plugin/ HTTP/1.1" 200 746 "-" "Mozilla/5.0 (compatible; DotBot/1.2; +https://opensiteexplorer.org/dotbot; help@moz.com)"
216.244.66.250 - - [16/Mar/2025:19:11:35 +1100] "GET /administrator/templates/hathor/html/com_banners/clients/ HTTP/1.1" 200 748 "-" "Mozilla/5.0 (compatible; DotBot/1.2; +https://opensiteexplorer.org/dotbot; help@moz.com)"
203.143.88.233 - - [16/Mar/2025:19:22:21 +1100] "GET /.well-known/acme-challenge/IB-CBY25XEZHX6WMZPP2TPAXMWFARQ2N HTTP/1.1" 200 64 "-" "Cpanel-HTTP-Client/1.0"
203.143.88.233 - - [16/Mar/2025:19:22:21 +1100] "GET /.well-known/acme-challenge/LG_8TXCI-PM2BB52LQDYIPO8EE9MT862 HTTP/1.1" 200 64 "-" "Cpanel-HTTP-Client/1.0"
216.244.66.250 - - [16/Mar/2025:19:23:52 +1100] "GET /robots.txt HTTP/1.1" 404 315 "-" "Mozilla/5.0 (compatible; DotBot/1.2; +https://opensiteexplorer.org/dotbot; help@moz.com)"
216.244.66.250 - - [16/Mar/2025:19:23:52 +1100] "GET /robots.txt HTTP/1.1" 404 315 "-" "Mozilla/5.0 (compatible; DotBot/1.2; +https://opensiteexplorer.org/dotbot; help@moz.com)"
216.244.66.250 - - [16/Mar/2025:19:37:51 +1100] "GET /administrator/templates/hathor/css/colour_blue.css HTTP/1.1" 200 46771 "-" "Mozilla/5.0 (compatible; DotBot/1.2; +https://opensiteexplorer.org/dotbot; help@moz.com)"
216.244.66.250 - - [16/Mar/2025:19:38:19 +1100] "GET /administrator/templates/hathor/images/header/icon-48-preview.png HTTP/1.1" 200 1037 "-" "Mozilla/5.0 (compatible; DotBot/1.2; +https://opensiteexplorer.org/dotbot; help@moz.com)"
216.244.66.250 - - [16/Mar/2025:19:38:23 +1100] "GET /administrator/templates/hathor/images/menu/icon-16-config.png HTTP/1.1" 200 642 "-" "Mozilla/5.0 (compatible; DotBot/1.2; +https://opensiteexplorer.org/dotbot; help@moz.com)"
66.249.66.43 - - [16/Mar/2025:19:42:23 +1100] "GET /administrator/templates/isis/images/admin/publish_x.png HTTP/1.1" 200 423 "-" "Googlebot-Image/1.0"
216.244.66.250 - - [16/Mar/2025:19:54:52 +1100] "GET /administrator/templates/isis/images/admin/?C=N;O=D HTTP/1.1" 200 6552 "-" "Mozilla/5.0 (compatible; DotBot/1.2; +https://opensiteexplorer.org/dotbot; help@moz.com)"
216.244.66.250 - - [16/Mar/2025:19:55:23 +1100] "GET /administrator/components/com_banners/ HTTP/1.1" 200 2274 "-" "Mozilla/5.0 (compatible; DotBot/1.2; +https://opensiteexplorer.org/dotbot; help@moz.com)"
216.244.66.250 - - [16/Mar/2025:19:59:35 +1100] "GET /administrator/components/com_languages/views/overrides/ HTTP/1.1" 200 916 "-" "Mozilla/5.0 (compatible; DotBot/1.2; +https://opensiteexplorer.org/dotbot; help@moz.com)"
216.244.66.250 - - [16/Mar/2025:19:59:43 +1100] "GET /administrator/templates/hathor/images/menu/icon-16-info.png HTTP/1.1" 200 540 "-" "Mozilla/5.0 (compatible; DotBot/1.2; +https://opensiteexplorer.org/dotbot; help@moz.com)"
216.244.66.250 - - [16/Mar/2025:19:59:47 +1100] "GET /administrator/templates/hathor/images/toolbar/icon-32-archive.png HTTP/1.1" 200 1208 "-" "Mozilla/5.0 (compatible; DotBot/1.2; +https://opensiteexplorer.org/dotbot; help@moz.com)"
216.244.66.250 - - [16/Mar/2025:19:59:52 +1100] "GET /administrator/templates/hathor/images/toolbar/icon-32-banner-client.png HTTP/1.1" 200 2591 "-" "Mozilla/5.0 (compatible; DotBot/1.2; +https://opensiteexplorer.org/dotbot; help@moz.com)"
216.244.66.250 - - [16/Mar/2025:20:09:36 +1100] "GET /robots.txt HTTP/1.1" 404 315 "-" "Mozilla/5.0 (compatible; DotBot/1.2; +https://opensiteexplorer.org/dotbot; help@moz.com)"
216.244.66.250 - - [16/Mar/2025:20:09:36 +1100] "GET /robots.txt HTTP/1.1" 404 315 "-" "Mozilla/5.0 (compatible; DotBot/1.2; +https://opensiteexplorer.org/dotbot; help@moz.com)"
66.249.66.42 - - [16/Mar/2025:20:18:23 +1100] "GET /administrator/templates/isis/template_thumbnail.png HTTP/1.1" 200 7936 "-" "Googlebot-Image/1.0"
216.244.66.250 - - [16/Mar/2025:20:25:33 +1100] "GET /administrator/templates/hathor/images/menu/icon-16-levels.png HTTP/1.1" 200 247 "-" "Mozilla/5.0 (compatible; DotBot/1.2; +https://opensiteexplorer.org/dotbot; help@moz.com)"
216.244.66.250 - - [16/Mar/2025:20:38:58 +1100] "GET /administrator/templates/hathor/html/com_tags/?C=N;O=D HTTP/1.1" 200 1059 "-" "Mozilla/5.0 (compatible; DotBot/1.2; +https://opensiteexplorer.org/dotbot; help@moz.com)"
216.244.66.250 - - [16/Mar/2025:20:41:00 +1100] "GET /administrator/components/com_users/controllers/ HTTP/1.1" 200 717 "-" "Mozilla/5.0 (compatible; DotBot/1.2; +https://opensiteexplorer.org/dotbot; help@moz.com)"
216.244.66.250 - - [16/Mar/2025:20:42:52 +1100] "GET /administrator/templates/hathor/images/admin/menu_divider.png HTTP/1.1" 200 75 "-" "Mozilla/5.0 (compatible; DotBot/1.2; +https://opensiteexplorer.org/dotbot; help@moz.com)"
216.244.66.250 - - [16/Mar/2025:20:42:57 +1100] "GET /administrator/templates/hathor/images/header/icon-48-send.png HTTP/1.1" 200 2723 "-" "Mozilla/5.0 (compatible; DotBot/1.2; +https://opensiteexplorer.org/dotbot; help@moz.com)"
216.244.66.250 - - [16/Mar/2025:20:43:02 +1100] "GET /administrator/templates/hathor/images/toolbar/icon-32-batch.png HTTP/1.1" 200 1945 "-" "Mozilla/5.0 (compatible; DotBot/1.2; +https://opensiteexplorer.org/dotbot; help@moz.com)"
216.244.66.250 - - [16/Mar/2025:20:43:07 +1100] "GET /administrator/templates/hathor/images/toolbar/icon-32-lock.png HTTP/1.1" 200 626 "-" "Mozilla/5.0 (compatible; DotBot/1.2; +https://opensiteexplorer.org/dotbot; help@moz.com)"
216.244.66.250 - - [16/Mar/2025:20:55:55 +1100] "GET /robots.txt HTTP/1.1" 404 315 "-" "Mozilla/5.0 (compatible; DotBot/1.2; +https://opensiteexplorer.org/dotbot; help@moz.com)"
216.244.66.250 - - [16/Mar/2025:20:55:55 +1100] "GET /robots.txt HTTP/1.1" 404 315 "-" "Mozilla/5.0 (compatible; DotBot/1.2; +https://opensiteexplorer.org/dotbot; help@moz.com)"
216.244.66.250 - - [16/Mar/2025:21:07:08 +1100] "GET /administrator/templates/hathor/images/header/icon-48-featured.png HTTP/1.1" 200 2508 "-" "Mozilla/5.0 (compatible; DotBot/1.2; +https://opensiteexplorer.org/dotbot; help@moz.com)"
216.244.66.250 - - [16/Mar/2025:21:23:42 +1100] "GET /administrator/components/com_joomlaupdate/ HTTP/1.1" 200 1942 "-" "Mozilla/5.0 (compatible; DotBot/1.2; +https://opensiteexplorer.org/dotbot; help@moz.com)"
216.244.66.250 - - [16/Mar/2025:21:25:09 +1100] "GET /administrator/components/com_finder/sql/install.mysql.sql HTTP/1.1" 200 15279 "-" "Mozilla/5.0 (compatible; DotBot/1.2; +https://opensiteexplorer.org/dotbot; help@moz.com)"
216.244.66.250 - - [16/Mar/2025:21:27:06 +1100] "GET /administrator/templates/hathor/images/admin/sort_asc.png HTTP/1.1" 200 106 "-" "Mozilla/5.0 (compatible; DotBot/1.2; +https://opensiteexplorer.org/dotbot; help@moz.com)"
216.244.66.250 - - [16/Mar/2025:21:27:10 +1100] "GET /administrator/templates/hathor/images/header/icon-48-article-edit.png HTTP/1.1" 200 2460 "-" "Mozilla/5.0 (compatible; DotBot/1.2; +https://opensiteexplorer.org/dotbot; help@moz.com)"
216.244.66.250 - - [16/Mar/2025:21:27:14 +1100] "GET /administrator/templates/hathor/images/toolbar/icon-32-article-add.png HTTP/1.1" 200 2099 "-" "Mozilla/5.0 (compatible; DotBot/1.2; +https://opensiteexplorer.org/dotbot; help@moz.com)"
216.244.66.250 - - [16/Mar/2025:21:27:20 +1100] "GET /administrator/templates/hathor/images/toolbar/icon-32-stats.png HTTP/1.1" 200 1127 "-" "Mozilla/5.0 (compatible; DotBot/1.2; +https://opensiteexplorer.org/dotbot; help@moz.com)"
66.249.66.41 - - [16/Mar/2025:21:27:41 +1100] "GET /administrator/templates/hathor/images/toolbar/icon-32-links.png HTTP/1.1" 200 2532 "-" "Googlebot-Image/1.0"
216.244.66.250 - - [16/Mar/2025:21:30:50 +1100] "GET /administrator/templates/hathor/html/com_finder/filters/ HTTP/1.1" 200 745 "-" "Mozilla/5.0 (compatible; DotBot/1.2; +https://opensiteexplorer.org/dotbot; help@moz.com)"
216.244.66.250 - - [16/Mar/2025:21:30:52 +1100] "GET /administrator/templates/isis/images/admin/downarrow0.png HTTP/1.1" 200 457 "-" "Mozilla/5.0 (compatible; DotBot/1.2; +https://opensiteexplorer.org/dotbot; help@moz.com)"
216.244.66.250 - - [16/Mar/2025:21:30:55 +1100] "GET /administrator/templates/isis/images/admin/filter_16.png HTTP/1.1" 200 247 "-" "Mozilla/5.0 (compatible; DotBot/1.2; +https://opensiteexplorer.org/dotbot; help@moz.com)"
216.244.66.250 - - [16/Mar/2025:21:41:00 +1100] "GET /robots.txt HTTP/1.1" 404 315 "-" "Mozilla/5.0 (compatible; DotBot/1.2; +https://opensiteexplorer.org/dotbot; help@moz.com)"
216.244.66.250 - - [16/Mar/2025:21:41:00 +1100] "GET /robots.txt HTTP/1.1" 404 315 "-" "Mozilla/5.0 (compatible; DotBot/1.2; +https://opensiteexplorer.org/dotbot; help@moz.com)"
216.244.66.250 - - [16/Mar/2025:21:53:26 +1100] "GET /administrator/templates/hathor/images/menu/icon-16-menumgr.png HTTP/1.1" 200 493 "-" "Mozilla/5.0 (compatible; DotBot/1.2; +https://opensiteexplorer.org/dotbot; help@moz.com)"
216.244.66.250 - - [16/Mar/2025:21:53:32 +1100] "GET /administrator/templates/hathor/images/menu/icon-16-new-privatemessage.png HTTP/1.1" 200 599 "-" "Mozilla/5.0 (compatible; DotBot/1.2; +https://opensiteexplorer.org/dotbot; help@moz.com)"
66.249.66.43 - - [16/Mar/2025:22:00:50 +1100] "GET /administrator/templates/hathor/images/selector-arrow-rtl.png HTTP/1.1" 200 133 "-" "Googlebot-Image/1.0"
216.244.66.250 - - [16/Mar/2025:22:03:04 +1100] "GET /administrator/templates/isis/language/?C=N;O=D HTTP/1.1" 200 867 "-" "Mozilla/5.0 (compatible; DotBot/1.2; +https://opensiteexplorer.org/dotbot; help@moz.com)"
216.244.66.250 - - [16/Mar/2025:22:10:46 +1100] "GET /administrator/components/com_messages/ HTTP/1.1" 200 2281 "-" "Mozilla/5.0 (compatible; DotBot/1.2; +https://opensiteexplorer.org/dotbot; help@moz.com)"
66.249.66.43 - - [16/Mar/2025:22:12:05 +1100] "GET /administrator/templates/hathor/images/menu/icon-16-maintenance.png HTTP/1.1" 200 269 "-" "Googlebot-Image/1.0"
216.244.66.250 - - [16/Mar/2025:22:13:13 +1100] "GET /administrator/templates/hathor/images/admin/uparrow.png HTTP/1.1" 200 176 "-" "Mozilla/5.0 (compatible; DotBot/1.2; +https://opensiteexplorer.org/dotbot; help@moz.com)"
216.244.66.250 - - [16/Mar/2025:22:13:17 +1100] "GET /administrator/templates/hathor/images/menu/icon-16-clear.png HTTP/1.1" 200 504 "-" "Mozilla/5.0 (compatible; DotBot/1.2; +https://opensiteexplorer.org/dotbot; help@moz.com)"
203.143.88.233 - - [16/Mar/2025:22:22:20 +1100] "GET /.well-known/acme-challenge/9DF3XTB5B0T8799_NKZ8MS6E-O3ABQA_ HTTP/1.1" 200 64 "-" "Cpanel-HTTP-Client/1.0"
203.143.88.233 - - [16/Mar/2025:22:22:20 +1100] "GET /.well-known/acme-challenge/F3V-G6IMU5D964-Y22D09YZ67N7PY241 HTTP/1.1" 200 64 "-" "Cpanel-HTTP-Client/1.0"
66.249.66.43 - - [16/Mar/2025:22:23:20 +1100] "GET /administrator/templates/hathor/images/menu/icon-16-apply.png HTTP/1.1" 200 416 "-" "Googlebot-Image/1.0"
216.244.66.250 - - [16/Mar/2025:22:28:02 +1100] "GET /robots.txt HTTP/1.1" 404 315 "-" "Mozilla/5.0 (compatible; DotBot/1.2; +https://opensiteexplorer.org/dotbot; help@moz.com)"
216.244.66.250 - - [16/Mar/2025:22:28:02 +1100] "GET /robots.txt HTTP/1.1" 404 315 "-" "Mozilla/5.0 (compatible; DotBot/1.2; +https://opensiteexplorer.org/dotbot; help@moz.com)"

Zerion Mini Shell 1.0